pose -216 = -2*u + 2*d, 4*d = -3*u - 0*d + 289. What is the remainder when u is divided by 14?
5
Let o(m) = m**3 - 12*m**2 + 15*m - 38. What is the remainder when o(12) is divided by 29?
26
Suppose 92 = 2*b - 2*r, -5*b - 2*r + 190 = r. Calculate the remainder when 72 is divided by b.
31
Let h = -91 - -112. Calculate the remainder when h is divided by 3.
0
Let c = -87 - -62. Let y = 63 + c. Let w(g) = 3*g**2 + 13*g. What is the remainder when y is divided by w(-5)?
8
Suppose -3*q = -2*h + 1400, -1 + 5 = -2*q. Calculate the remainder when h is divided by 50.
47
Suppose 9*f + 12 = 660. Calculate the remainder when 791 is divided by f.
71
Suppose -2*s = -0*s + 12. What is the remainder when 2/8 + (-470)/(-8) is divided by 23 + 2/(s/9)?
19
Suppose c - 25 = -6. Suppose 112*q + 44*q = 8667 + 14577. What is the remainder when q is divided by c?
16
Let v = -31 - -34. Suppose 0 = -4*s + u + 235, v*u = -s - 2*s + 195. Let x(y) = -3*y + 6. What is the remainder when s is divided by x(-5)?
18
Let j(t) = -t**2 - 3*t + 115. What is the remainder when j(9) is divided by 5 + (-1)/((-2)/(-2))?
3
Let v(r) = -4*r - 19. Let i be v(-6). Suppose 110 = -i*k + 10*k. Let l = -16 + 28. Calculate the remainder when k is divided by l.
10
Let o(a) = 8*a**2 - 48*a - 273. What is the remainder when o(-5) is divided by 14?
13
Let c(t) = 6*t - 94. What is the remainder when 287 is divided by c(21)?
31
Suppose -5*d + 513 + 320 = 3*b, -5*d - 4*b = -829. Calculate the remainder when d is divided by 57.
55
Suppose 79 = 2*p + 5. Suppose 2*b - 11 = p. What is the remainder when 44 is divided by b?
20
Let v(n) = -184*n + 28. Calculate the remainder when 130 is divided by v(0).
18
Let w(b) = 5*b**2 - 4. Let n be 18/24 - (-2)/8. Let h be n/(-2 + (-9)/(-5)). What is the remainder when w(h) is divided by 31?
28
Let c = -1122 - -1287. Calculate the remainder when 172 is divided by c.
7
Let x(h) = -2*h + 2. Let l be x(4). Let d(r) = -r**2 - 16*r - 11. Calculate the remainder when d(-7) is divided by (-2)/l + (-80)/(-3).
25
Suppose 3*u + 2*u - 5 = 0. Suppose -7*w + 0 = -84. Let s = w - u. Calculate the remainder when 32 is divided by s.
10
Let g = 17 + -10. Calculate the remainder when g is divided by (1133/(-88) + 14)/(9/48).
1
Let q = 441 + -429. Let y(l) be the first derivative of 45*l**4/4 + 2. Calculate the remainder when y(1) is divided by q.
9
Let y(z) = 13*z**2 + 2*z - 7. Let c = 41 - 44. Calculate the remainder when y(c) is divided by 21.
20
Let l(g) = 934*g - 4. Let w be l(1). Suppose -10*n - 5*n = -w. What is the remainder when n is divided by 21?
20
What is the remainder when 3115/20 - 35/(-28) is divided by 23?
19
Let c be (-1)/(-4) + (-2732)/(-16). Suppose -4*g + c = -g. Suppose -2*y - 2*r = -106, y - 3*r + 8*r = g. What is the remainder when y is divided by 14?
10
Let z = -35 - -53. Let r(c) = 5*c + 1. Let x be r(0). Calculate the remainder when (-420)/(4 - 10) - x is divided by z.
15
Let a = 599 + -565. What is the remainder when a is divided by 23?
11
Let f(i) = i**2 - 32*i + 29. Calculate the remainder when f(34) is divided by 5.
2
Let p = 1 - -2. Calculate the remainder when p is divided by 86/(-43)*2/8*-2.
0
Let k(x) = 3*x**2 - 7*x + 1. What is the remainder when k(4) is divided by (-3)/21*6*-14?
9
Suppose i - 64 = 45. Let x = 56 + -34. Calculate the remainder when i is divided by x.
21
Suppose -5*u = -419 + 89. What is the remainder when u is divided by 2/(-14) + 3600/210?
15
Let u be (-4)/(-14) + (-374)/(-14). Let l = u - 18. Suppose 13*n - 102 = 10*n. Calculate the remainder when n is divided by l.
7
Suppose -4*z + 2 = -22. Suppose -2*h - 5 = y, 2*y + h - 6*h = 26. Suppose -32 = -5*m + 2*b, 2*m + y = -2*b + 13. Calculate the remainder when z is divided by m.
0
Let o = 164 + -36. What is the remainder when o is divided by 104?
24
Suppose -121*q + 10965 = -2345. What is the remainder when 247 is divided by q?
27
Let p = -3295 + 3318. What is the remainder when ((-26)/4)/((-3)/30) is divided by p?
19
Suppose -160 = -3*y + 92. Suppose 70 = 37*d - 4. Suppose 2*r + d*t - y = r, -4*r + 291 = -t. What is the remainder when r is divided by 19?
17
Suppose -2*t + 90 = -26. Suppose -118*p - 36 = -121*p. What is the remainder when t is divided by p?
10
Let m = 13 - 10. Suppose -m*v = 2*i - v + 12, 3*i - v + 10 = 0. Calculate the remainder when 1 is divided by 10/i*4/(-10).
0
Suppose 3*z - 735 = -4*l, -460 = -4*z - 5*l + 520. Calculate the remainder when z is divided by 41.
40
Let h(s) = -2*s + 12. Let z be h(6). Suppose -a + z = -1, -4*a = -c + 8. What is the remainder when 42 is divided by c?
6
Suppose 0*i = 3*i - 162. Suppose -3*m - 38 - 22 = 0. Let w = -9 - m. Calculate the remainder when i is divided by w.
10
Let z = -115 + 82. Let x = -9 - z. Calculate the remainder when x is divided by 13.
11
Suppose d - y - 45 = -0*y, 2*d - 89 = 3*y. Let h = 162 + -134. Calculate the remainder when d is divided by h.
18
Let x = -1155 - -1160. What is the remainder when 1123 is divided by x?
3
Let i(n) be the first derivative of n**4/4 + 7*n**3/3 + 5*n**2/2 - 2*n + 21. Calculate the remainder when i(-5) is divided by 16.
7
Let u be 0 + 46*(-3)/(-2). Let g = u + -51. Calculate the remainder when 34 is divided by g.
16
Let a be 4/(-10) - (-3042)/30. Suppose 0 = 3*c - a - 52. Calculate the remainder when c is divided by 18.
15
Suppose r = -l + 45, -5*r + 13*l = 9*l - 180. Calculate the remainder when r is divided by 17.
6
Suppose -1 = -5*t + 9. Suppose 0*z + t*z = 10. Calculate the remainder when 12 is divided by z.
2
Let r be (-3 + -2 - 2)/(5 + -6). Let d = 2 - 3. Let l = d + r. What is the remainder when 20 is divided by l?
2
Let x(p) = -p**2 - 26*p + 42. What is the remainder when 134 is divided by x(-27)?
14
Suppose -2*s + 14 = -5*v - 0*s, -5*v - 5*s = 0. Let r = 29 - v. What is the remainder when 154 is divided by r?
30
Let h = -145 + 163. Let k = 35 - h. Suppose -5*s = -2*p - 33, 0 = -s + p - 3 + 12. Calculate the remainder when k is divided by s.
2
Let u = 138 - 72. Calculate the remainder when 345 is divided by u.
15
Let i(v) = -3*v**2 - 2*v - 28. Let g(l) = -2*l**2 - l - 19. Let o(p) = 7*g(p) - 5*i(p). What is the remainder when 50 is divided by o(-5)?
16
Suppose 0 = -2*b + 2*j + 2*j + 40, -3*b - 3*j = -33. Let q = 25 - b. What is the remainder when 42 is divided by q?
9
Suppose 4*v + 2*a - 94 = 0, -3*v - 5*a = -a - 63. What is the remainder when 50 is divided by v?
0
Let n = 3810 - 3797. Suppose -2*c = -3*g - 102 - 23, -325 = -5*c - 5*g. What is the remainder when c is divided by n?
12
Let d(y) = -y**3 - 6*y**2 - 2*y. Let o be d(-6). Let b = o + 4. Let x = 55 + -10. What is the remainder when x is divided by b?
13
Suppose -2*u + 148 = 35*u. Calculate the remainder when 14 is divided by u.
2
Suppose -3*o = d + 1, 5*o = -2*d - 3 + 1. Let u = 20 - d. What is the remainder when 102 is divided by u?
18
Let j(d) = 13*d - 1. Let a be j(-1). Let h = a - -23. Suppose 0*f = -4*g + 2*f + 60, -3*g + 5*f = -31. What is the remainder when g is divided by h?
8
Suppose -30 - 1260 = -15*t. What is the remainder when 1718 is divided by t?
84
Suppose 2*z + 2*i + 50 = 3*i, 0 = 2*z - 3*i + 42. Suppose 0*r = 4*r - 160. Let m = z + r. Calculate the remainder when m is divided by 5.
3
Let a = 1616 + -1600. Calculate the remainder when 164 is divided by a.
4
Let i(p) = -p**2 - 7*p + 5. Let c be i(-7). Suppose c*k = -4*z - 7 + 93, -2*k + 41 = -5*z. Let n = 3 + k. What is the remainder when n is divided by 12?
9
Calculate the remainder when (-2*(-1)/3)/(186/64170) is divided by 78.
74
Suppose 3*u + 2 = -4. Let o(k) = -5*k**3 + k**2 - 3*k - 1. Calculate the remainder when o(u) is divided by 13.
10
What is the remainder when ((-8)/(-6))/(-21*24/(-44604)) is divided by 6/24 + (-158)/(-8)?
18
Suppose -64 = -y + 2*y. Let g = -6 - y. Suppose -5*j = 3*u + 3 - 53, -2*j - 13 = -u. Calculate the remainder when g is divided by u.
13
Suppose b - 2*b + 3*k = -212, -b + k + 204 = 0. Suppose -2*l + 4*x + 61 = -39, 0 = 3*l + 4*x - b. Calculate the remainder when l is divided by 21.
18
Suppose 2*o = -3 + 61. Calculate the remainder when 50 is divided by o.
21
Suppose -i + 373 = 5*y - 4*i, 4*y - 292 = 4*i. Let d be ((-117)/21 - -5)*-7. Suppose 208 - 48 = d*o. Calculate the remainder when y is divided by o.
37
Suppose 0 = 5*